is divided by 3498.
3458
Calculate the remainder when 8231398 is divided by 153.
151
What is the remainder when 113803 is divided by 1341?
1159
Calculate the remainder when 105466 is divided by 105399.
67
Calculate the remainder when 12198 is divided by 5880.
438
Calculate the remainder when 146551 is divided by 48660.
571
What is the remainder when 2069678 is divided by 17103?
215
What is the remainder when 1708241 is divided by 1708200?
41
Calculate the remainder when 796873 is divided by 819.
805
Calculate the remainder when 104148 is divided by 6626.
4758
What is the remainder when 135068 is divided by 16044?
6716
Calculate the remainder when 2793405 is divided by 27934.
5
What is the remainder when 1091042 is divided by 2591?
231
Calculate the remainder when 403445 is divided by 35.
0
Calculate the remainder when 884438 is divided by 28527.
101
Calculate the remainder when 125191 is divided by 3548.
1011
Calculate the remainder when 3472914 is divided by 325.
289
Calculate the remainder when 16094385 is divided by 130.
125
Calculate the remainder when 4072859 is divided by 165.
164
What is the remainder when 45476 is divided by 15107?
155
Calculate the remainder when 4051898 is divided by 64313.
179
What is the remainder when 819336 is divided by 459?
21
What is the remainder when 84785 is divided by 21128?
273
What is the remainder when 78275 is divided by 25919?
518
What is the remainder when 152537278 is divided by 192?
190
What is the remainder when 7962228 is divided by 264?
252
Calculate the remainder when 16018469 is divided by 72.
53
What is the remainder when 23194 is divided by 420?
94
Calculate the remainder when 10151280 is divided by 272.
240
What is the remainder when 39459787 is divided by 235?
232
What is the remainder when 449195 is divided by 411?
383
What is the remainder when 449204 is divided by 199?
61
Calculate the remainder when 6011590 is divided by 1310.
0
What is the remainder when 7312268 is divided by 812472?
20
What is the remainder when 1263396 is divided by 631693?
10
What is the remainder when 89478784 is divided by 94?
90
Calculate the remainder when 1469651 is divided by 488948.
2807
What is the remainder when 52240 is divided by 52152?
88
What is the remainder when 61431 is divided by 2951?
2411
Calculate the remainder when 806995 is divided by 2217.
7
What is the remainder when 3804070 is divided by 171?
4
What is the remainder when 183065052 is divided by 8146?
8140
What is the remainder when 386080 is divided by 11353?
78
What is the remainder when 1345187 is divided by 760?
747
Calculate the remainder when 9821466 is divided by 323.
5
What is the remainder when 35005128 is divided by 1096?
1080
What is the remainder when 9835373 is divided by 414?
389
What is the remainder when 1106382 is divided by 27?
3
What is the remainder when 18010387 is divided by 4700?
4687
What is the remainder when 2955 is divided by 1108?
739
Calculate the remainder when 693103981 is divided by 209.
207
What is the remainder when 374131 is divided by 14?
9
Calculate the remainder when 179909 is divided by 35957.
124
Calculate the remainder when 5013262 is divided by 4852.
1146
What is the remainder when 1704143 is divided by 34079?
193
Calculate the remainder when 83676 is divided by 624.
60
What is the remainder when 2273180 is divided by 331?
203
What is the remainder when 9891 is divided by 3103?
582
What is the remainder when 31132 is divided by 2283?
1453
What is the remainder when 4608594 is divided by 75?
69
What is the remainder when 133175 is divided by 779?
745
What is the remainder when 888019 is divided by 511?
412
What is the remainder when 51282807 is divided by 64?
55
What is the remainder when 1963801 is divided by 1119?
1075
Calculate the remainder when 6121205 is divided by 35.
20
What is the remainder when 25559 is divided by 22146?
3413
Calculate the remainder when 39522435 is divided by 59.
46
Calculate the remainder when 126521452 is divided by 670.
662
What is the remainder when 1089438928 is divided by 2070?
2068
What is the remainder when 49620931 is divided by 981?
970
Calculate the remainder when 121508 is divided by 428.
384
What is the remainder when 40162447 is divided by 25?
22
What is the remainder when 12314 is divided by 57?
2
What is the remainder when 268535 is divided by 1077?
362
What is the remainder when 4302036 is divided by 430203?
6
Calculate the remainder when 48237 is divided by 43.
34
Calculate the remainder when 4367902 is divided by 62.
2
What is the remainder when 148752725 is divided by 74?
71
Calculate the remainder when 17947088 is divided by 236.
232
Calculate the remainder when 1149789 is divided by 405.
399
Calculate the remainder when 368394349 is divided by 152.
5
What is the remainder when 191747 is divided by 18230?
9447
Calculate the remainder when 81486007 is divided by 18.
7
Calculate the remainder when 34840 is divided by 1107.
523
What is the remainder when 39874447 is divided by 22?
19
Calculate the remainder when 54598 is divided by 1931.
530
What is the remainder when 36428520 is divided by 3311683?
7
What is the remainder when 469461 is divided by 16676?
2533
Calculate the remainder when 18439005 is divided by 12.
9
What is the remainder when 128157 is divided by 42410?
927
What is the remainder when 758798 is divided by 287?
257
Calculate the remainder when 2230610 is divided by 82615.
5
What is the remainder when 3825886 is divided by 528?
526
Calculate the remainder when 4034154 is divided by 80.
74
Calculate the remainder when 42633868 is divided by 3370.
3368
What is the remainder when 976534 is divided by 40688?
22
What is the remainder when 15633663 is divided by 692?
691
Calculate the remainder when 742998 is divided by 247617.
147
Calculate the remainder when 305795 is divided by 3027.
68
What is the remainder when 3974272 is divided by 152856?
16
Calculate the remainder when 114467732 is divided by 1568051.
9
Calculate the remainder when 92592 is divided by 2052.
252
Calculate the remainder when 269426 is divided by 616.
234
Calculate the remainder when 13206557 is divided by 80.
77
Calculate the remainder when 460072037 is divided by 3.
2
What is the remainder when 111585 is divided by 267?
246
Calculate the remainder when 224223 is divided by 111807.
609
Calculate the remainder when 915124 is divided by 457544.
36
What is the remainder when 524264 is divided by 28?
20
What is the remainder when 144035 is divided by 47902?
329
What is the remainder when 13713375 is divided by 484?
203
Calculate the remainder when 2149041 is divided by 3070.
41
Calculate the remainder when 18833198 is divided by 1901.
1892
Calculate the remainder when 273277218 is divided by 3305.
3293
What is the remainder when 5136761 is divided by 819?
812
What is the remainder when 145319745 is divided by 5842?
5837
Calculate the remainder when 203645348 is divided by 2225.
2223
Calculate the remainder when 178883 is divided by 6366.
635
What is the remainder when 27852367 is divided by 2859?
2848
What is the remainder when 167026 is divided by 1559?
213
Calculate the remainder when 2503178 is divided by 808.
802
Calculate the remainder when 1398275 is divided by 23303.
95
What is the remainder when 1294279 is divided by 19?
18
What is the remainder when 28713 is divided by 561?
102
Calculate the remainder when 14806028 is divided by 231344.
12
Calculate the remainder when 24570 is divided by 6047.
382
Calculate the remainder when 44269 is divided by 595.
239
What is the remainder when 2759979 is divided by 309?
300
What is the remainder when 186964 is divided by 93324?
316
What is the remainder when 3059717 is divided by 553?
521
Calculate the remainder when 43729 is divided by 10795.
549
What is the remainder when 1035276 is divided by 2768?
44
Calculate the remainder when 3945717 is divided by 748.
17
Calculate the remainder when 5092380 is divided by 782.
778
What is the remainder when 1870917 is divided by 12472?
117
What is the remainder when 38426229 is divided by 474?
471
Calculate the remainder when 3807521 is divided by 1903759.
3
Calculate the remainder when 37925728 is divided by 12641908.
4
Calculate the remainder when 32700291 is divided by 30.
21
Calculat